09
What is the remainder when 2382399 is divided by 3561?
90
What is the remainder when 635853 is divided by 13?
10
Calculate the remainder when 128287 is divided by 424.
239
Calculate the remainder when 53385 is divided by 18.
15
What is the remainder when 557292 is divided by 7054?
26
What is the remainder when 1675378 is divided by 837683?
12
Calculate the remainder when 253645 is divided by 6641.
1287
What is the remainder when 531512 is divided by 5161?
5090
Calculate the remainder when 453605 is divided by 1056.
581
What is the remainder when 99208 is divided by 49445?
318
Calculate the remainder when 45291503 is divided by 87.
86
What is the remainder when 67962871 is divided by 22654271?
58
Calculate the remainder when 22149267 is divided by 276.
267
Calculate the remainder when 199352 is divided by 6227.
88
Calculate the remainder when 2271 is divided by 1848.
423
What is the remainder when 50539 is divided by 1381?
823
Calculate the remainder when 1970989 is divided by 8.
5
Calculate the remainder when 240750 is divided by 2456.
62
What is the remainder when 595951 is divided by 534?
7
Calculate the remainder when 6003822 is divided by 2734.
2692
What is the remainder when 5469246 is divided by 6511?
6
What is the remainder when 2671586 is divided by 15808?
34
Calculate the remainder when 530259 is divided by 58911.
60
What is the remainder when 35547 is divided by 4441?
19
What is the remainder when 9783452 is divided by 361?
352
What is the remainder when 844196 is divided by 14?
10
Calculate the remainder when 227344 is divided by 345.
334
What is the remainder when 332888 is divided by 2821?
10
Calculate the remainder when 781442 is divided by 57.
29
Calculate the remainder when 88835037 is divided by 120.
117
Calculate the remainder when 2938418 is divided by 79415.
63
Calculate the remainder when 477605 is divided by 1888.
1829
Calculate the remainder when 4037943 is divided by 260.
143
Calculate the remainder when 95754 is divided by 7320.
594
What is the remainder when 579266 is divided by 1125?
1016
What is the remainder when 247163 is divided by 307?
28
Calculate the remainder when 98878 is divided by 11861.
3990
Calculate the remainder when 727810 is divided by 28.
6
What is the remainder when 48371 is divided by 23876?
619
What is the remainder when 599260 is divided by 1815?
310
Calculate the remainder when 5681842 is divided by 725.
17
What is the remainder when 1131900 is divided by 892?
844
Calculate the remainder when 539406 is divided by 134801.
202
What is the remainder when 493136 is divided by 19696?
736
Calculate the remainder when 1099850 is divided by 1827.
1823
Calculate the remainder when 32351983 is divided by 309.
301
Calculate the remainder when 589682 is divided by 3252.
1070
What is the remainder when 887060 is divided by 1178?
26
Calculate the remainder when 695190 is divided by 347503.
184
Calculate the remainder when 167667 is divided by 15223.
214
Calculate the remainder when 21535 is divided by 1553.
1346
Calculate the remainder when 6377827 is divided by 635.
522
What is the remainder when 433677 is divided by 221?
75
Calculate the remainder when 10984249 is divided by 250.
249
Calculate the remainder when 437436 is divided by 39714.
582
Calculate the remainder when 2528748 is divided by 159.
12
What is the remainder when 588907 is divided by 8171?
595
What is the remainder when 35087627 is divided by 1959?
1937
What is the remainder when 14608066 is divided by 2921612?
6
What is the remainder when 208456 is divided by 4461?
3250
What is the remainder when 247771519 is divided by 4004?
3999
Calculate the remainder when 1607419 is divided by 267898.
31
What is the remainder when 757775 is divided by 9621?
7337
Calculate the remainder when 319619067 is divided by 15.
12
Calculate the remainder when 2540364 is divided by 1269606.
1152
Calculate the remainder when 2040958 is divided by 434.
290
What is the remainder when 12771 is divided by 4496?
3779
What is the remainder when 1385774 is divided by 1385761?
13
What is the remainder when 12502584 is divided by 101?
97
Calculate the remainder when 45471509 is divided by 2646.
2645
Calculate the remainder when 310855 is divided by 6391.
4087
Calculate the remainder when 11461242 is divided by 23.
20
Calculate the remainder when 27452511 is divided by 361217.
19
What is the remainder when 10118496 is divided by 439?
424
Calculate the remainder when 602474 is divided by 200822.
8
What is the remainder when 817533 is divided by 1284?
909
What is the remainder when 20528423 is divided by 1003?
22
What is the remainder when 42470021 is divided by 176?
165
Calculate the remainder when 88287 is divided by 238.
227
Calculate the remainder when 893583 is divided by 111669.
231
Calculate the remainder when 922658 is divided by 36.
14
Calculate the remainder when 1861933 is divided by 265916.
521
What is the remainder when 233296879 is divided by 221?
218
What is the remainder when 95671 is divided by 106?
59
Calculate the remainder when 66498 is divided by 16592.
130
What is the remainder when 1463407 is divided by 1463397?
10
Calculate the remainder when 853785 is divided by 853.
785
Calculate the remainder when 1029366 is divided by 64305.
486
What is the remainder when 3214996 is divided by 2572?
2568
What is the remainder when 24282 is divided by 2320?
1082
What is the remainder when 305247 is divided by 703?
145
Calculate the remainder when 1412370 is divided by 1467.
1116
Calculate the remainder when 1149695 is divided by 378.
197
What is the remainder when 4238895 is divided by 786?
783
Calculate the remainder when 242812 is divided by 128.
124
Calculate the remainder when 50747183 is divided by 14.
11
What is the remainder when 10342 is divided by 4027?
2288
What is the remainder when 139806 is divided by 454?
428
Calculate the remainder when 61862 is divided by 2378.
34
What is the remainder when 46946975 is divided by 1263?
2
Calculate the remainder when 6543489 is divided by 1308694.
19
Calculate the remainder when 436103 is divided by 218033.
37
What is the remainder when 1127692 is divided by 225113?
2127
Calculate the remainder when 14972 is divided by 1020.
692
What is the remainder when 1497138 is divided by 527?
458
What is the remainder when 5867313 is divided by 1955750?
63
Calculate the remainder when 1893042 is divided by 7279.
502
What is the remainder when 450488 is divided by 1662?
86
What is the remainder when 123250 is divided by 1036?
1002
What is the remainder when 672622 is divided by 336197?
228
What is the remainder when 942084 is divided by 314014?
42
Calculate the remainder when 54152244 is divided by 29705.
29
Calculate the remainder when 48477550 is divided by 744.
742
What is the remainder when 324809 is divided by 15466?
23
Calculate the remainder when 70978181 is divided by 5014.
5011
Calculate the remainder when 1800669 is divided by 5.
4
Calculate the remainder when 2683500 is divided by 188.
176
What is the remainder when 105019568 is divided by 646?
640
Calculate the remainder when 208023 is divided by 15.
3
What is the remainder when 952061 is divided by 39661?
197
Calculate the remainder when 659353 is divided by 16146.
13513
What is the remainder when 2191067 is divided by 81?
17
Calculate the remainder when 5789628 is divided by 951.
891
Calculate the remainder when 390642 is divided by 3795.
3552
Calculate the remainder when 9683190 is divided by 109.
66
What is the remainder when 12269456 is divided by 171?
35
What is the remainder when 50082 is divided by 2245?
692
What is the remainder when 416936 is divided by 41670?
236
Calculate the remainder when 185337603 is divided by 68.
67
What is the remainder when 15837153 is divided by 27?
6
Calculate the remainder when 6077939 is divided by 45.
14
Calculate the remainder when 15097182 is divided by 37.
35
Calculate the remainder when 1409338 is divided by 571.
110
What is the remainder when 518025 is divided by 1030?
965
What is the remainder when 98982 is divided by 2129?
1048
What is the remainder when 278321 is divided by 3057?
134
What is the remainder when 2721881 is divided by 2?
1
Calculate the remainder when 61074380 is divided by 2194.
2
Calculate the rem